ive x(j).
3
Let m(u) = -u**2 + 9*u - 4. Suppose -b + 144 = 17*b. Determine m(b).
4
Let b(c) = c**3 + 2*c**2 - 8*c - 2. Suppose 2 + 6 = -2*x + 3*q, x - 3*q + 4 = 0. Determine b(x).
-2
Let z(c) = 1240*c + 22 - 2473*c + 1222*c + c**2. Determine z(9).
4
Suppose -4*d - 4*d + 8 = 0. Let x(n) = -10*n - 1. Let g(p) = -21*p - 2. Let c(j) = 4*g(j) - 9*x(j). Calculate c(d).
7
Let u(s) be the first derivative of -s**2 + 10*s + 1. Let f be u(-5). Suppose -m - 3*m + f = 0. Let q(h) = h**3 - 4*h**2 - 3*h - 6. Calculate q(m).
4
Let k(q) be the second derivative of 2*q**3 - 10*q**2 - 50*q. Let n(l) = -5*l + 10. Let z(t) = 2*k(t) + 5*n(t). Calculate z(-10).
20
Let w(z) = -2*z - 1 + 1 + 1. Let p(n) = -n**2 + 12*n + 63. Let v be p(16). Determine w(v).
3
Suppose 8*o - 45 = 3*o. Let g = 80 + -82. Let q(x) = -x**2 - 3*x - 6. Let f(c) = -5*c**2 - 12*c - 25. Let d(b) = g*f(b) + o*q(b). Determine d(3).
-4
Let u(k) be the third derivative of k**6/120 - k**5/15 - k**4/4 - 7*k**3/6 - 45*k**2. What is u(6)?
29
Let i(s) be the first derivative of s**4/4 - s**3/3 - 3*s**2/2 + 3*s - 908. Let a be (-4)/(-18) - 16/(-9). Let q = a + 0. What is i(q)?
1
Suppose -4*h - 3*d + 8*d = -13, 0 = 2*h + 2*d + 16. Let o(r) = 90*r**2 - 2*r - 2*r**3 - 1 - 183*r**2 + 89*r**2. Determine o(h).
23
Suppose 3 = 3*w - 3*v, v - 2 = -w + 3. Suppose 9*f + 2*f = 6*f. Suppose f = -w*r + 3 + 3. Let c(m) = 2*m**2 + m + 1. What is c(r)?
11
Let b be 243/54 + (-3)/(-2). Let i(f) = 2*f**3 - 12*f**2 - 2*f + 7. Give i(b).
-5
Suppose -3*p = 2*a + 16, -4*a = -p + 5*p + 28. Let b(y) = -3*y - 5. Calculate b(a).
10
Let l(c) = c**3 + 2 + 5*c**2 + 1 - c + 2. Suppose -5*n + 10*n - 25 = 0. Suppose f + 10 = n. Determine l(f).
10
Suppose -5*g - 25 = 5*i, 3*i + 4*g - 6*g = -5. Let l(c) = -c - 3. Let x be l(i). Let f(j) = -3*j + 4*j - 3*j + 8 + x. Give f(6).
-4
Let s(b) be the third derivative of -b**5/60 + 3*b**4/4 - 17*b**3/3 + 2*b**2 - 13. What is s(15)?
11
Suppose -2*a = 3*j - 16, 0 = 4*j - 2*j - 8. Suppose -4 = a*k - 8. Let z(r) = -5*r. Let t(w) = -1. Let q(u) = -3*t(u) + z(u). Calculate q(k).
-7
Let w be ((-7)/2)/((-2)/4). Suppose w*r = 3*r. Suppose r = 3*o - 4*o. Let v(g) = g**2 - g + 1. Determine v(o).
1
Let a(q) = -26*q**3 + 2*q**2 - 4*q + 6. Let o(l) = 54*l**3 - 5*l**2 + 9*l - 14. Let g(h) = -7*a(h) - 3*o(h). Calculate g(-1).
-20
Let b(d) = -2*d**3 + 2*d**2 + d. Suppose 7*p - 43 = -15. Suppose r - 5*f = -4*f + p, r - 4*f - 10 = 0. Calculate b(r).
-6
Let g = 83 + -76. Let x be -6 + 8 - (g + 2/2). Let a(q) = -3*q**2 - 5 + q**2 - 6*q + q**2. Calculate a(x).
-5
Let y(d) = -15*d**2 - 9*d + 39. Let b(x) = 7*x**2 + 4*x - 18. Let l(s) = 13*b(s) + 6*y(s). What is l(1)?
-1
Let y(c) = 34*c**2 - 8*c - 35*c**2 - 12 + 6 + 4. Determine y(-6).
10
Let z(y) be the third derivative of y**4/24 + y**3/6 - 512*y**2. Suppose 4 + 5 = 3*s. Suppose 5 = -s*f - 1. Calculate z(f).
-1
Let y(d) = d + 5. Let f be y(-7). Let i(s) = -s**3 - 2*s**2 - 4*s - 3. Let n be i(f). Let u(o) = -2*o**3 - 1 - o**3 + 2*o**3 + 5*o**2 + o. What is u(n)?
4
Let s(q) = 4*q - 11. Let m = -206 + 210. Give s(m).
5
Suppose -4 = 5*r + 4*p, 0 = r + 3*p - 7 - 1. Let u(x) = -x**2 + 2*x - 1. What is u(r)?
-25
Let v(y) = 3*y**2 - 12. Let x be v(4). Let j = x - 28. Let a(w) = w - 14. Determine a(j).
-6
Suppose -5*g + 62 - 12 = 0. Let c be (-24)/9*(-15)/g. Suppose 2*u - 4*y - 2 = -c, -4*y + 7 = -3*u. Let d(s) = s + 2. What is d(u)?
-3
Let z be 4*(-2)/(-4) - 6. Let d = -2 - z. Let h(p) = -d*p + 8*p - p**2 - 2 - 8*p. Give h(-2).
-2
Let y(n) = 2*n**2 + 14*n - 12. Let j be y(-8). Let u(r) be the second derivative of -5*r - r**2 - 1/6*r**j + 1/20*r**5 + 0 - 5/6*r**3. Determine u(4).
10
Suppose 3 = b - 0*b, 9 = -5*t + 3*b. Let z(f) be the third derivative of -f**4/24 - 3*f**3/2 + 168*f**2 - 7. What is z(t)?
-9
Suppose -3*s + 24 = -6. Suppose 2*q = -5*n - 2*q + s, -4*n + 3*q + 39 = 0. Let p(j) be the first derivative of j**2/2 - j - 137. Calculate p(n).
5
Let o be ((-3)/2)/((-4)/8). Let i(w) = o - 6 + w + w**2 + 0 + 4*w**3 + 4. Give i(-1).
-3
Let o(x) = -2*x**2 + 7*x + 9. Let m be o(-4). Let r be (-3)/(-5) - m/15. Suppose -r*i + i = -9. Let a(l) = l**3 - 5*l**2 + 4*l. What is a(i)?
-6
Let q(t) = -t**3 - 8*t**2 + 9*t + 9. Suppose 2*f = -36 + 18. Determine q(f).
9
Let l(j) = 4*j - 3. Let t(r) = 2*r - 1. Let q(i) = -2*l(i) + 5*t(i). Suppose -3*n - 9 = -6*n. Let a = n - 6. Give q(a).
-5
Let m(d) = 3*d + 9. Suppose -2*k + 2*w + 7 = 1, -6 = -2*k + w. Suppose k*i = 5*c - 21, -4*i = i + 3*c + 35. Determine m(i).
-12
Let r(c) = 7*c - 71. Let o be r(11). Let h(s) = -s**3 + 7*s**2 - 4. What is h(o)?
32
Let o(b) = b**3 - 188 + 0*b + 194 - 6*b**2 + 4*b. Suppose 2*d - 3*d + 5 = 5*f, -f - 10 = -2*d. Give o(d).
1
Let f be -8 + (0/(-3) - -2). Let g(r) = r**2 + r - 2. Let h(t) = t**2 + 2*t - 3. Let d(a) = 3*g(a) - 4*h(a). Calculate d(f).
0
Let y(o) = -4*o**2 + 1 + 13*o**3 + 25*o - 14*o - 12*o**3 - 12*o. Calculate y(5).
21
Let n(i) be the third derivative of i**5/60 - 2*i**4/3 + 4*i**3 + 2*i**2 - 160*i. Calculate n(14).
-4
Suppose -15*g + 158 = 188. Let s(b) = -4*b**3 - b**2 - 2*b + 1. Give s(g).
33
Let l(i) = -487 - 495 - i**2 - 8*i**2 - 7*i - i**3 + 979. Suppose 0*m = -m + j - 3, m + 4*j + 28 = 0. What is l(m)?
-11
Let i(m) = m**2 + 8*m + 9. Let a(j) = j**3 + 14*j**2 - 17*j - 26. Let v be a(-15). Let t be v + -10 + (3 - 5). Calculate i(t).
9
Let t(c) = 3*c**2 - c - 1. Let m be t(-1). Let i(h) = -4*h**3 + m*h**3 + 6*h**2 - 6*h + 0*h**3 + 2. Suppose z - 20 = -4*z. What is i(z)?
10
Let f = -12 + 17. Let p(i) = -i**3 + 5*i**2 + 3*i - 7. Determine p(f).
8
Let y(m) = 11*m + 40. Let g(x) = 4*x + 1. Let t(i) = 4*g(i) - y(i). Determine t(6).
-6
Let j(i) = i**3 - i**2 - i + 1. Let a(s) = -2*s**3 + 16*s**2 - 12*s. Let c(w) = a(w) + 3*j(w). Determine c(-14).
17
Let c(q) be the second derivative of 3/2*q**2 + 0 + 5*q - 2/3*q**3. Calculate c(-3).
15
Let f(s) = 12*s - 4*s**3 - 3*s - 9*s**2 + 3 + 5*s**3. Let c(d) = d**3 + 14*d**2 + 96*d + 467. Let p be c(-9). Give f(p).
11
Let q(g) be the first derivative of g**6/40 - g**5/30 + g**4/24 - 6*g**2 - 11. Let j(i) be the second derivative of q(i). Give j(1).
2
Let y(l) = 2*l**2. Let q be y(-1). Let k(s) = -11 - s + 1 + q + 1. Determine k(-7).
0
Suppose -39*j = -55*j - 144. Let w(m) = -m**2 - 12*m - 33. Determine w(j).
-6
Let m(u) be the second derivative of -u**5/120 - 11*u**4/24 - 2*u**3/3 - 13*u. Let w(t) be the second derivative of m(t). Determine w(-5).
-6
Suppose -5*j - 4 = 4*v, -4*v + j - 4 + 24 = 0. Let g(s) = 3*s - 4*s + s**2 + 3 - v. Let u(h) = h**3 + 12*h**2 + 12*h + 11. Let r be u(-11). Calculate g(r).
-1
Suppose 0 = -23*c - 176 + 199. Let y(x) = -71*x**3 - x**2 + x - 1. Give y(c).
-72
Suppose 0 = -3*n - 3*k - 9, 4*n + 3*k = -1 - 6. Let r(p) = 0*p**2 + 4 + 5*p**3 + 6*p - 4*p**3 - 7*p**n. Give r(6).
4
Let a be (288/(-6))/(-4) - (4 + 2). Let j(x) be the second derivative of 0 + 1/20*x**5 - 1/4*x**4 - a*x + 0*x**2 + 1/6*x**3. Determine j(2).
-2
Suppose -37*m - 848 = -293. Let q(a) = a**3 + 14*a**2 - 14*a + 13. Calculate q(m).
-2
Let y(t) = -t + 7. Let p be (-10)/(-5) + (-5 - (1 - 11)). Calculate y(p).
0
Let n(x) = x**3 + 2*x**2 - x. Let o = -27 - -14. Suppose 3*m = 5*b - 50, -6*m - 3*b = -3*m + 42. Let t = m - o. What is n(t)?
2
Let x be (-40)/10 + (2 - 0). Let g(l) = 24*l + 2. What is g(x)?
-46
Let u(o) = -o**3 + 23*o**2 - 77*o + 17. Let y be u(19). Let l(m) be the third derivative of 5*m**4/24 + m**3/6 - 4*m**2. Calculate l(y).
-9
Let y(c) = 2*c**3 + c**2 - 6*c - 5. Suppose 5*s + 2*p + 10 = 0, -s + 3*p = s + 4. Determine y(s).
-5
Let w(r) = -7 + 9*r + 19 - 10*r. Let u be w(6). Let b(z) = -3*z + 3. Let s(q) = -8*q + 8. Let l(h) = u*s(h) - 17*b(h). What is l(2)?
3
Let w be -6 - 98/(119/(-17)). Let u(t) = 3*t**2 + 8*t + 4*t**2 + 0 - t**3 - 5. What is u(w)?
-5
Let o(p) = 14*p**3 - 3*p**2 - 5*p - 7. Let n(h) = -30*h**3 + 6*h**2 + 11*h + 15. Let d(t) = -6*n(t) - 13*o(t). What is d(2)?
-5
Let d(o) = -2*o**3 - o + 24 - o**2 + 0*o**3 - 3*o**3 + 6*o**3 + 37. Calculate d(0).
61
Suppose 6*p = 2*p + 28. Let i(b) be the first derivative of -b**3/3 + 3*b**2 + 4*b - 10. Calculate i(p).
-3
Suppose -2*t = -3*t - 5*n + 23, 5*n - 32 = -4*t. Let s(l) = 9*l + 2. Give s(t).
29
Let r(l) be the first derivative of -l**3/3 - 3*l**2 - 11*l - 358. Calculate r(-5).
-6
Suppose a + 0 = -